{"id":988937,"date":"2023-11-22T11:36:01","date_gmt":"2023-11-22T14:36:01","guid":{"rendered":"https:\/\/azdesigners.eu\/noomana\/?page_id=988937"},"modified":"2023-11-22T11:40:39","modified_gmt":"2023-11-22T14:40:39","slug":"politica-de-privacidade","status":"publish","type":"page","link":"https:\/\/www.noomana.com.br\/conteudos\/politica-de-privacidade\/","title":{"rendered":"Pol\u00edtica de privacidade"},"content":{"rendered":"\t\t<div data-elementor-type=\"wp-page\" data-elementor-id=\"988937\" class=\"elementor elementor-988937\" data-elementor-post-type=\"page\">\n\t\t\t\t<div class=\"elementor-element elementor-element-04ffd4a e-flex e-con-boxed e-con e-parent\" data-id=\"04ffd4a\" data-element_type=\"container\" data-core-v316-plus=\"true\">\n\t\t\t\t\t<div class=\"e-con-inner\">\n\t\t\t\t<div class=\"elementor-element elementor-element-b85e313 elementor-widget elementor-widget-spacer\" data-id=\"b85e313\" data-element_type=\"widget\" data-widget_type=\"spacer.default\">\n\t\t\t\t<div class=\"elementor-widget-container\">\n\t\t\t<style>\/*! elementor - v3.20.0 - 26-03-2024 *\/\n.elementor-column .elementor-spacer-inner{height:var(--spacer-size)}.e-con{--container-widget-width:100%}.e-con-inner>.elementor-widget-spacer,.e-con>.elementor-widget-spacer{width:var(--container-widget-width,var(--spacer-size));--align-self:var(--container-widget-align-self,initial);--flex-shrink:0}.e-con-inner>.elementor-widget-spacer>.elementor-widget-container,.e-con>.elementor-widget-spacer>.elementor-widget-container{height:100%;width:100%}.e-con-inner>.elementor-widget-spacer>.elementor-widget-container>.elementor-spacer,.e-con>.elementor-widget-spacer>.elementor-widget-container>.elementor-spacer{height:100%}.e-con-inner>.elementor-widget-spacer>.elementor-widget-container>.elementor-spacer>.elementor-spacer-inner,.e-con>.elementor-widget-spacer>.elementor-widget-container>.elementor-spacer>.elementor-spacer-inner{height:var(--container-widget-height,var(--spacer-size))}.e-con-inner>.elementor-widget-spacer.elementor-widget-empty,.e-con>.elementor-widget-spacer.elementor-widget-empty{position:relative;min-height:22px;min-width:22px}.e-con-inner>.elementor-widget-spacer.elementor-widget-empty .elementor-widget-empty-icon,.e-con>.elementor-widget-spacer.elementor-widget-empty .elementor-widget-empty-icon{position:absolute;top:0;bottom:0;left:0;right:0;margin:auto;padding:0;width:22px;height:22px}<\/style>\t\t<div class=\"elementor-spacer\">\n\t\t\t<div class=\"elementor-spacer-inner\"><\/div>\n\t\t<\/div>\n\t\t\t\t<\/div>\n\t\t\t\t<\/div>\n\t\t\t\t<div class=\"vamtam-has-theme-widget-styles elementor-element elementor-element-6b4bd64 elementor-widget elementor-widget-heading\" data-id=\"6b4bd64\" data-element_type=\"widget\" data-widget_type=\"heading.default\">\n\t\t\t\t<div class=\"elementor-widget-container\">\n\t\t\t<style>\/*! elementor - v3.20.0 - 26-03-2024 *\/\n.elementor-heading-title{padding:0;margin:0;line-height:1}.elementor-widget-heading .elementor-heading-title[class*=elementor-size-]>a{color:inherit;font-size:inherit;line-height:inherit}.elementor-widget-heading .elementor-heading-title.elementor-size-small{font-size:15px}.elementor-widget-heading .elementor-heading-title.elementor-size-medium{font-size:19px}.elementor-widget-heading .elementor-heading-title.elementor-size-large{font-size:29px}.elementor-widget-heading .elementor-heading-title.elementor-size-xl{font-size:39px}.elementor-widget-heading .elementor-heading-title.elementor-size-xxl{font-size:59px}<\/style><h2 class=\"elementor-heading-title elementor-size-default\">Pol\u00edtica de privacidade<\/h2>\t\t<\/div>\n\t\t\t\t<\/div>\n\t\t\t\t<div class=\"elementor-element elementor-element-8034a9e elementor-widget elementor-widget-spacer\" data-id=\"8034a9e\" data-element_type=\"widget\" data-widget_type=\"spacer.default\">\n\t\t\t\t<div class=\"elementor-widget-container\">\n\t\t\t\t\t<div class=\"elementor-spacer\">\n\t\t\t<div class=\"elementor-spacer-inner\"><\/div>\n\t\t<\/div>\n\t\t\t\t<\/div>\n\t\t\t\t<\/div>\n\t\t\t\t<div class=\"elementor-element elementor-element-4efecec elementor-widget elementor-widget-text-editor\" data-id=\"4efecec\" data-element_type=\"widget\" data-widget_type=\"text-editor.default\">\n\t\t\t\t<div class=\"elementor-widget-container\">\n\t\t\t<style>\/*! elementor - v3.20.0 - 26-03-2024 *\/\n.elementor-widget-text-editor.elementor-drop-cap-view-stacked .elementor-drop-cap{background-color:#69727d;color:#fff}.elementor-widget-text-editor.elementor-drop-cap-view-framed .elementor-drop-cap{color:#69727d;border:3px solid;background-color:transparent}.elementor-widget-text-editor:not(.elementor-drop-cap-view-default) .elementor-drop-cap{margin-top:8px}.elementor-widget-text-editor:not(.elementor-drop-cap-view-default) .elementor-drop-cap-letter{width:1em;height:1em}.elementor-widget-text-editor .elementor-drop-cap{float:left;text-align:center;line-height:1;font-size:50px}.elementor-widget-text-editor .elementor-drop-cap-letter{display:inline-block}<\/style>\t\t\t\t<div class=\"heading noo-post-container noo-vspacing\"><p>Fizemos esta Pol\u00edtica de Privacidade com o objetivo de te informar sobre o modo como n\u00f3s utilizamos e divulgamos informa\u00e7\u00f5es coletadas em suas visitas \u00e0 nossa loja e em mensagens que trocamos com voc\u00ea. A privacidade dos seus dados \u00e9 muito importante pra n\u00f3s e, por isso, al\u00e9m dos procedimentos internos de garantia desta privacidade, nos empenhamos no cumprimento de todas as leis nacionais (e estrangeiras, no que couberem), que tenham como objetivo proteger a sua privacidade.<br \/>Esta Pol\u00edtica de Privacidade aplica-se somente a informa\u00e7\u00f5es coletadas por meio da nossa loja.<\/p><p>Ela fornece uma vis\u00e3o geral de nossas pr\u00e1ticas de privacidade e das escolhas que voc\u00ea pode fazer, bem como direitos que voc\u00ea pode exercer em rela\u00e7\u00e3o aos Dados Pessoais tratados por n\u00f3s. Se voc\u00ea tiver alguma d\u00favida sobre o uso de Dados Pessoais, entre em contato pelo e-mail\u00a0<a href=\"mailto:faleconosco@noomana.com.br\">faleconosco@noomana.com.br<\/a><\/p><p><strong>DADOS<\/strong><br \/>Quando voc\u00ea compra algo em nossa loja, como parte do processo de compra e venda, n\u00f3s coletamos algumas informa\u00e7\u00f5es pessoais que voc\u00ea nos fornece como nome, endere\u00e7o e endere\u00e7o de e-mail. Quando voc\u00ea navega na nossa loja, n\u00f3s tamb\u00e9m recebemos automaticamente o endere\u00e7o IP do seu computador para nos fornecer informa\u00e7\u00f5es que nos ajudem a aprender sobre seu navegador e sistema operacional. Nossos principais objetivos com estas informa\u00e7\u00f5es s\u00e3o: viabilizar que voc\u00ea adquira produtos e\/ou servi\u00e7os na loja; para confirmar ou corrigir as informa\u00e7\u00f5es que temos sobre voc\u00ea; para enviar informa\u00e7\u00f5es que acreditamos ser do seu interesse, com o seu consentimento; para personalizar sua experi\u00eancia de uso da loja.<br \/>Al\u00e9m disso, os Dados Pessoais fornecidos tamb\u00e9m podem ser utilizados na forma que julgarmos necess\u00e1ria ou adequada:<br \/>(a) nos termos das Leis de Prote\u00e7\u00e3o de Dados;<br \/>(b) para atender exig\u00eancias de processo judicial;<br \/>(c) para cumprir decis\u00e3o judicial, decis\u00e3o regulat\u00f3ria ou decis\u00e3o de autoridades competentes, incluindo autoridades fora do pa\u00eds de resid\u00eancia;<br \/>(d) para aplicar nossos Termos e Condi\u00e7\u00f5es de Uso;<br \/>(e) para proteger nossas opera\u00e7\u00f5es;<br \/>(f) para proteger direitos, privacidade, seguran\u00e7a nossos, seus ou de terceiros;<br \/>(g) para detectar e prevenir fraude;<br \/>(h) permitir-nos usar as a\u00e7\u00f5es dispon\u00edveis ou limitar danos que venhamos a sofrer; e<br \/>(i) de outros modos permitidos por lei.<\/p><p><strong>Consentimento<\/strong><br \/>Quando voc\u00ea nos fornece informa\u00e7\u00f5es pessoais \u2013 seja para concluir uma transa\u00e7\u00e3o, verificar seu cart\u00e3o de cr\u00e9dito, fazer um pedido, providenciar uma entrega ou devolver uma compra \u2013, n\u00f3s entendemos que voc\u00ea concorda com a nossa coleta e os usos acima descritos.<br \/>N\u00e3o h\u00e1 obrigatoriedade em compartilhar os Dados Pessoais que solicitamos. No entanto, se voc\u00ea optar por n\u00e3o os compartilhar, em alguns casos, n\u00e3o poderemos fornecer a voc\u00ea acesso completo \u00e0 loja, alguns recursos especializados ou ser capaz de prestar a assist\u00eancia necess\u00e1ria ou, ainda, viabilizar a entrega do produto ou prestar o servi\u00e7o contratado por voc\u00ea.<\/p><p><strong>Dados coletados<\/strong><br \/>O p\u00fablico em geral poder\u00e1 navegar na loja sem necessidade de qualquer cadastro e envio de Dados Pessoais. No entanto, algumas das funcionalidades da loja poder\u00e3o depender de cadastro e envio de Dados Pessoais como concluir a compra\/contrata\u00e7\u00e3o do servi\u00e7o e\/ou a viabilizar a entrega do produto\/presta\u00e7\u00e3o do servi\u00e7o por n\u00f3s.<br \/>Na loja, n\u00f3s podemos coletar:<br \/><strong>Dados de contato<\/strong>: nome, sobrenome, n\u00famero de telefone, endere\u00e7o, cidade, estado e endere\u00e7o de e-mail;<br \/>Informa\u00e7\u00f5es enviadas: informa\u00e7\u00f5es que voc\u00ea envia via formul\u00e1rio (d\u00favidas, reclama\u00e7\u00f5es, sugest\u00f5es, cr\u00edticas, elogios etc.).<br \/>Na navega\u00e7\u00e3o geral na loja, n\u00f3s poderemos coletar:<br \/><strong>Dados de localiza\u00e7\u00e3o<\/strong>: dados de geolocaliza\u00e7\u00e3o quando voc\u00ea acessa a loja;<br \/><strong>Prefer\u00eancias<\/strong>: informa\u00e7\u00f5es sobre suas prefer\u00eancias e interesses em rela\u00e7\u00e3o aos produtos\/servi\u00e7os (quando voc\u00ea nos diz o que eles s\u00e3o ou quando os deduzimos do que sabemos sobre voc\u00ea);<br \/><strong>Dados de navega\u00e7\u00e3o na loja<\/strong>: informa\u00e7\u00f5es sobre suas visitas e atividades, incluindo o conte\u00fado (e quaisquer an\u00fancios) com os quais voc\u00ea visualiza e interage, informa\u00e7\u00f5es sobre o navegador e o dispositivo que voc\u00ea est\u00e1 usando, seu endere\u00e7o IP, sua localiza\u00e7\u00e3o, o endere\u00e7o do site a partir do qual voc\u00ea chegou. Algumas dessas informa\u00e7\u00f5es s\u00e3o coletadas usando nossas Ferramentas de Coleta Autom\u00e1tica de Dados, que incluem cookies, web beacons e links da web incorporados. Para saber mais, leia como n\u00f3s usamos Ferramentas de Coleta Autom\u00e1tica de Dados na se\u00e7\u00e3o 7 abaixo;<br \/><strong>Dados an\u00f4nimos ou agregados<\/strong>: respostas an\u00f4nimas para pesquisas ou informa\u00e7\u00f5es an\u00f4nimas e agregadas sobre como a loja \u00e9 usufru\u00edda. Durante nossas opera\u00e7\u00f5es, em certos casos, aplicamos um processo de desidentifica\u00e7\u00e3o ou pseudonimiza\u00e7\u00e3o aos seus dados para que seja razoavelmente improv\u00e1vel que voc\u00ea identifique voc\u00ea atrav\u00e9s do uso desses dados com a tecnologia dispon\u00edvel;<br \/>Outras informa\u00e7\u00f5es que podemos coletar: informa\u00e7\u00f5es que n\u00e3o revelem especificamente a sua identidade ou que n\u00e3o s\u00e3o diretamente relacionadas a um indiv\u00edduo, tais como informa\u00e7\u00f5es sobre navegador e dispositivo; dados de uso da Loja; e informa\u00e7\u00f5es coletadas por meio de cookies, pixel tags e outras tecnologias.<br \/>N\u00f3s n\u00e3o coletamos Dados Pessoais Sens\u00edveis.<\/p><p><strong>DIREITOS DO USU\u00c1RIO<\/strong><br \/>Voc\u00ea pode, a qualquer momento, requerer:<br \/>(i) confirma\u00e7\u00e3o de que seus Dados Pessoais est\u00e3o sendo tratados;<br \/>(ii) acesso aos seus Dados Pessoais;<br \/>(iii) corre\u00e7\u00f5es a dados incompletos, inexatos ou desatualizados;<br \/>(iv) anonimiza\u00e7\u00e3o, bloqueio ou elimina\u00e7\u00e3o de dados desnecess\u00e1rios, excessivos ou tratados em desconformidade com o disposto em lei;<br \/>(v) portabilidade de Dados Pessoais a outro prestador de servi\u00e7os, contanto que isso n\u00e3o afete nossos segredos industriais e comerciais;<br \/>(vi) elimina\u00e7\u00e3o de Dados Pessoais tratados com seu consentimento, na medida do permitido em lei;<br \/>(vii) informa\u00e7\u00f5es sobre as entidades \u00e0s quais seus Dados Pessoais tenham sido compartilhados;<br \/>(viii) informa\u00e7\u00f5es sobre a possibilidade de n\u00e3o fornecer o consentimento e sobre as consequ\u00eancias da negativa; e<br \/>(ix) revoga\u00e7\u00e3o do consentimento. Os seus pedidos ser\u00e3o tratados com especial cuidado de forma a que possamos assegurar a efic\u00e1cia dos seus direitos. Poder\u00e1 lhe ser pedido que fa\u00e7a prova da sua identidade de modo a assegurar que a partilha dos Dados Pessoais \u00e9 apenas feita com o seu titular.<\/p><p>Voc\u00ea dever\u00e1 ter em mente que, em certos casos (por exemplo, devido a requisitos legais), o seu pedido poder\u00e1 n\u00e3o ser imediatamente satisfeito, al\u00e9m de que n\u00f3s poderemos n\u00e3o conseguir atend\u00ea-lo por conta de cumprimento de obriga\u00e7\u00f5es legais.<br \/>Links de hipertexto para outros sites e redes sociais<\/p><p>A Loja poder\u00e1, de tempos a tempos, conter links de hipertexto que poder\u00e3o te redirecionar para sites das redes dos nossos parceiros, anunciantes, fornecedores, etc. Se voc\u00ea clicar em um desses links para qualquer um desses sites, lembre-se que cada site possui as suas pr\u00f3prias pr\u00e1ticas de privacidade e que n\u00e3o somos respons\u00e1veis por essas pol\u00edticas. Consulte as referidas pol\u00edticas antes de enviar quaisquer Dados Pessoais para esses sites.<\/p><p>N\u00e3o nos responsabilizamos pelas pol\u00edticas e pr\u00e1ticas de coleta, uso e divulga\u00e7\u00e3o (incluindo pr\u00e1ticas de prote\u00e7\u00e3o de dados) de outras organiza\u00e7\u00f5es, tais como Facebook, Apple, Google, Microsoft, ou de qualquer outro desenvolvedor de software ou provedor de aplicativo, loja de m\u00eddia social, sistema operacional, prestador de servi\u00e7os de internet sem fio ou fabricante de dispositivos, incluindo todos os Dados Pessoais que divulgar para outras organiza\u00e7\u00f5es por meio dos aplicativos, relacionadas a tais aplicativos, ou publicadas em nossas p\u00e1ginas em m\u00eddias sociais. N\u00f3s recomendamos que voc\u00ea se informe sobre a pol\u00edtica de privacidade de cada site visitado ou de cada prestador de servi\u00e7o utilizado.<\/p><p><strong>Atualiza\u00e7\u00f5es desta Pol\u00edtica de Privacidade<\/strong><br \/>Se modificarmos nossa Pol\u00edtica de Privacidade, publicaremos o novo texto na loja, com a data de revis\u00e3o atualizada. Podemos alterar esta Pol\u00edtica de Privacidade a qualquer momento. Caso haja altera\u00e7\u00e3o significativa nos termos desta Pol\u00edtica de Privacidade, podemos inform\u00e1-lo por meio das informa\u00e7\u00f5es de contato que tivermos em nosso banco de dados ou por meio de notifica\u00e7\u00e3o em nossa loja.<br \/>Recordamos que n\u00f3s temos como compromisso n\u00e3o tratar os seus Dados Pessoais de forma incompat\u00edvel com os objetivos descritos acima, exceto se de outra forma requerido por lei ou ordem judicial.<br \/>Sua utiliza\u00e7\u00e3o da loja ap\u00f3s as altera\u00e7\u00f5es significa que aceitou as Pol\u00edticas de Privacidade revisadas. Caso, ap\u00f3s a leitura da vers\u00e3o revisada, voc\u00ea n\u00e3o esteja de acordo com seus termos, favor encerrar o acesso \u00e0 loja.<\/p><p><strong>Encarregado do tratamento dos Dados Pessoais<\/strong><br \/>Caso pretenda exercer qualquer um dos direitos previstos, inclusive retirar o seu consentimento, nesta Pol\u00edtica de Privacidade e\/ou nas Leis de Prote\u00e7\u00e3o de Dados, ou resolver quaisquer d\u00favidas relacionadas ao Tratamento de seus Dados Pessoais, favor entrar em contato atrav\u00e9s do e-mail\u00a0<a href=\"mailto:faleconosco@noomana.com.br\">faleconosco@noomana.com.br<\/a><\/p><p><strong>SEGURAN\u00c7A<\/strong><br \/><strong>Certificado de seguran\u00e7a<\/strong><br \/>A seguran\u00e7a do nosso site \u00e9 certificada pela Digicert uma das maiores empresas multinacionais em seguran\u00e7a na Internet, garantindo que nossos clientes possam fornecer tranquilamente seus dados no processo de compra.<\/p><p><strong>Compras com o cart\u00e3o de cr\u00e9dito<\/strong><br \/>Quando um cliente finaliza um pedido em cart\u00e3o de cr\u00e9dito, o n\u00famero \u00e9 criptografado e armazenado em um banco pr\u00f3prio, em uma futura compra, o cliente somente precisar\u00e1 digitar o c\u00f3digo de seguran\u00e7a do cart\u00e3o. Por quest\u00e3o de seguran\u00e7a, esse dado n\u00e3o fica armazenado em nosso sistema, e logo ap\u00f3s a informa\u00e7\u00e3o ser enviada para a institui\u00e7\u00e3o financeira, \u00e9 destru\u00edda pelo sistema. Portanto o n\u00famero de seu cart\u00e3o de cr\u00e9dito e quaisquer outras informa\u00e7\u00f5es sobre pagamento n\u00e3o ser\u00e3o armazenadas.<\/p><\/div>\t\t\t\t\t\t<\/div>\n\t\t\t\t<\/div>\n\t\t\t\t\t<\/div>\n\t\t\t\t<\/div>\n\t\t\t\t<\/div>\n\t\t","protected":false},"excerpt":{"rendered":"<p>Pol\u00edtica de privacidade Fizemos esta Pol\u00edtica de Privacidade com o objetivo de te informar sobre o modo como n\u00f3s utilizamos e divulgamos informa\u00e7\u00f5es coletadas em suas visitas \u00e0 nossa loja e em mensagens que trocamos com voc\u00ea. A privacidade dos seus dados \u00e9 muito importante pra n\u00f3s e, por isso, al\u00e9m dos procedimentos internos de&#8230;<\/p>\n","protected":false},"author":2,"featured_media":0,"parent":0,"menu_order":0,"comment_status":"closed","ping_status":"closed","template":"","meta":{"_uag_custom_page_level_css":"","footnotes":""},"class_list":["post-988937","page","type-page","status-publish","hentry"],"yoast_head":"<!-- This site is optimized with the Yoast SEO Premium plugin v22.3 (Yoast SEO v23.5) - https:\/\/yoast.com\/wordpress\/plugins\/seo\/ -->\n<title>Pol\u00edtica de privacidade - noomana<\/title>\n<meta name=\"robots\" content=\"index, follow, max-snippet:-1, max-image-preview:large, max-video-preview:-1\" \/>\n<link rel=\"canonical\" href=\"https:\/\/www.noomana.com.br\/conteudos\/politica-de-privacidade\/\" \/>\n<meta property=\"og:locale\" content=\"pt_BR\" \/>\n<meta property=\"og:type\" content=\"article\" \/>\n<meta property=\"og:title\" content=\"Pol\u00edtica de privacidade\" \/>\n<meta property=\"og:description\" content=\"Pol\u00edtica de privacidade Fizemos esta Pol\u00edtica de Privacidade com o objetivo de te informar sobre o modo como n\u00f3s utilizamos e divulgamos informa\u00e7\u00f5es coletadas em suas visitas \u00e0 nossa loja e em mensagens que trocamos com voc\u00ea. A privacidade dos seus dados \u00e9 muito importante pra n\u00f3s e, por isso, al\u00e9m dos procedimentos internos de...\" \/>\n<meta property=\"og:url\" content=\"https:\/\/www.noomana.com.br\/conteudos\/politica-de-privacidade\/\" \/>\n<meta property=\"og:site_name\" content=\"noomana\" \/>\n<meta property=\"article:publisher\" content=\"https:\/\/www.instagram.com\/somosnoomana\/\" \/>\n<meta property=\"article:modified_time\" content=\"2023-11-22T14:40:39+00:00\" \/>\n<meta name=\"twitter:card\" content=\"summary_large_image\" \/>\n<meta name=\"twitter:label1\" content=\"Est. tempo de leitura\" \/>\n\t<meta name=\"twitter:data1\" content=\"8 minutos\" \/>\n<script type=\"application\/ld+json\" class=\"yoast-schema-graph\">{\"@context\":\"https:\/\/schema.org\",\"@graph\":[{\"@type\":\"WebPage\",\"@id\":\"https:\/\/www.noomana.com.br\/conteudos\/politica-de-privacidade\/\",\"url\":\"https:\/\/www.noomana.com.br\/conteudos\/politica-de-privacidade\/\",\"name\":\"Pol\u00edtica de privacidade - noomana\",\"isPartOf\":{\"@id\":\"https:\/\/www.noomana.com.br\/conteudos\/#website\"},\"datePublished\":\"2023-11-22T14:36:01+00:00\",\"dateModified\":\"2023-11-22T14:40:39+00:00\",\"breadcrumb\":{\"@id\":\"https:\/\/www.noomana.com.br\/conteudos\/politica-de-privacidade\/#breadcrumb\"},\"inLanguage\":\"pt-BR\",\"potentialAction\":[{\"@type\":\"ReadAction\",\"target\":[\"https:\/\/www.noomana.com.br\/conteudos\/politica-de-privacidade\/\"]}]},{\"@type\":\"BreadcrumbList\",\"@id\":\"https:\/\/www.noomana.com.br\/conteudos\/politica-de-privacidade\/#breadcrumb\",\"itemListElement\":[{\"@type\":\"ListItem\",\"position\":1,\"name\":\"In\u00edcio\",\"item\":\"https:\/\/www.noomana.com.br\/conteudos\/\"},{\"@type\":\"ListItem\",\"position\":2,\"name\":\"Pol\u00edtica de privacidade\"}]},{\"@type\":\"WebSite\",\"@id\":\"https:\/\/www.noomana.com.br\/conteudos\/#website\",\"url\":\"https:\/\/www.noomana.com.br\/conteudos\/\",\"name\":\"noomana\",\"description\":\"sono de qualidade. vida em em equil\u00edbrio.\",\"publisher\":{\"@id\":\"https:\/\/www.noomana.com.br\/conteudos\/#organization\"},\"potentialAction\":[{\"@type\":\"SearchAction\",\"target\":{\"@type\":\"EntryPoint\",\"urlTemplate\":\"https:\/\/www.noomana.com.br\/conteudos\/?s={search_term_string}\"},\"query-input\":{\"@type\":\"PropertyValueSpecification\",\"valueRequired\":true,\"valueName\":\"search_term_string\"}}],\"inLanguage\":\"pt-BR\"},{\"@type\":\"Organization\",\"@id\":\"https:\/\/www.noomana.com.br\/conteudos\/#organization\",\"name\":\"noomana\",\"url\":\"https:\/\/www.noomana.com.br\/conteudos\/\",\"logo\":{\"@type\":\"ImageObject\",\"inLanguage\":\"pt-BR\",\"@id\":\"https:\/\/www.noomana.com.br\/conteudos\/#\/schema\/logo\/image\/\",\"url\":\"https:\/\/www.noomana.com.br\/conteudos\/wp-content\/uploads\/2021\/06\/noomana-logo-2.png\",\"contentUrl\":\"https:\/\/www.noomana.com.br\/conteudos\/wp-content\/uploads\/2021\/06\/noomana-logo-2.png\",\"width\":568,\"height\":67,\"caption\":\"noomana\"},\"image\":{\"@id\":\"https:\/\/www.noomana.com.br\/conteudos\/#\/schema\/logo\/image\/\"},\"sameAs\":[\"https:\/\/www.instagram.com\/somosnoomana\/\"]}]}<\/script>\n<!-- \/ Yoast SEO Premium plugin. -->","yoast_head_json":{"title":"Pol\u00edtica de privacidade - noomana","robots":{"index":"index","follow":"follow","max-snippet":"max-snippet:-1","max-image-preview":"max-image-preview:large","max-video-preview":"max-video-preview:-1"},"canonical":"https:\/\/www.noomana.com.br\/conteudos\/politica-de-privacidade\/","og_locale":"pt_BR","og_type":"article","og_title":"Pol\u00edtica de privacidade","og_description":"Pol\u00edtica de privacidade Fizemos esta Pol\u00edtica de Privacidade com o objetivo de te informar sobre o modo como n\u00f3s utilizamos e divulgamos informa\u00e7\u00f5es coletadas em suas visitas \u00e0 nossa loja e em mensagens que trocamos com voc\u00ea. A privacidade dos seus dados \u00e9 muito importante pra n\u00f3s e, por isso, al\u00e9m dos procedimentos internos de...","og_url":"https:\/\/www.noomana.com.br\/conteudos\/politica-de-privacidade\/","og_site_name":"noomana","article_publisher":"https:\/\/www.instagram.com\/somosnoomana\/","article_modified_time":"2023-11-22T14:40:39+00:00","twitter_card":"summary_large_image","twitter_misc":{"Est. tempo de leitura":"8 minutos"},"schema":{"@context":"https:\/\/schema.org","@graph":[{"@type":"WebPage","@id":"https:\/\/www.noomana.com.br\/conteudos\/politica-de-privacidade\/","url":"https:\/\/www.noomana.com.br\/conteudos\/politica-de-privacidade\/","name":"Pol\u00edtica de privacidade - noomana","isPartOf":{"@id":"https:\/\/www.noomana.com.br\/conteudos\/#website"},"datePublished":"2023-11-22T14:36:01+00:00","dateModified":"2023-11-22T14:40:39+00:00","breadcrumb":{"@id":"https:\/\/www.noomana.com.br\/conteudos\/politica-de-privacidade\/#breadcrumb"},"inLanguage":"pt-BR","potentialAction":[{"@type":"ReadAction","target":["https:\/\/www.noomana.com.br\/conteudos\/politica-de-privacidade\/"]}]},{"@type":"BreadcrumbList","@id":"https:\/\/www.noomana.com.br\/conteudos\/politica-de-privacidade\/#breadcrumb","itemListElement":[{"@type":"ListItem","position":1,"name":"In\u00edcio","item":"https:\/\/www.noomana.com.br\/conteudos\/"},{"@type":"ListItem","position":2,"name":"Pol\u00edtica de privacidade"}]},{"@type":"WebSite","@id":"https:\/\/www.noomana.com.br\/conteudos\/#website","url":"https:\/\/www.noomana.com.br\/conteudos\/","name":"noomana","description":"sono de qualidade. vida em em equil\u00edbrio.","publisher":{"@id":"https:\/\/www.noomana.com.br\/conteudos\/#organization"},"potentialAction":[{"@type":"SearchAction","target":{"@type":"EntryPoint","urlTemplate":"https:\/\/www.noomana.com.br\/conteudos\/?s={search_term_string}"},"query-input":{"@type":"PropertyValueSpecification","valueRequired":true,"valueName":"search_term_string"}}],"inLanguage":"pt-BR"},{"@type":"Organization","@id":"https:\/\/www.noomana.com.br\/conteudos\/#organization","name":"noomana","url":"https:\/\/www.noomana.com.br\/conteudos\/","logo":{"@type":"ImageObject","inLanguage":"pt-BR","@id":"https:\/\/www.noomana.com.br\/conteudos\/#\/schema\/logo\/image\/","url":"https:\/\/www.noomana.com.br\/conteudos\/wp-content\/uploads\/2021\/06\/noomana-logo-2.png","contentUrl":"https:\/\/www.noomana.com.br\/conteudos\/wp-content\/uploads\/2021\/06\/noomana-logo-2.png","width":568,"height":67,"caption":"noomana"},"image":{"@id":"https:\/\/www.noomana.com.br\/conteudos\/#\/schema\/logo\/image\/"},"sameAs":["https:\/\/www.instagram.com\/somosnoomana\/"]}]}},"uagb_featured_image_src":{"full":false,"thumbnail":false,"medium":false,"medium_large":false,"large":false,"1536x1536":false,"2048x2048":false},"uagb_author_info":{"display_name":"noomana admin","author_link":"https:\/\/www.noomana.com.br\/conteudos\/author\/noomana\/"},"uagb_comment_info":0,"uagb_excerpt":"Pol\u00edtica de privacidade Fizemos esta Pol\u00edtica de Privacidade com o objetivo de te informar sobre o modo como n\u00f3s utilizamos e divulgamos informa\u00e7\u00f5es coletadas em suas visitas \u00e0 nossa loja e em mensagens que trocamos com voc\u00ea. A privacidade dos seus dados \u00e9 muito importante pra n\u00f3s e, por isso, al\u00e9m dos procedimentos internos de...","_links":{"self":[{"href":"https:\/\/www.noomana.com.br\/conteudos\/wp-json\/wp\/v2\/pages\/988937"}],"collection":[{"href":"https:\/\/www.noomana.com.br\/conteudos\/wp-json\/wp\/v2\/pages"}],"about":[{"href":"https:\/\/www.noomana.com.br\/conteudos\/wp-json\/wp\/v2\/types\/page"}],"author":[{"embeddable":true,"href":"https:\/\/www.noomana.com.br\/conteudos\/wp-json\/wp\/v2\/users\/2"}],"replies":[{"embeddable":true,"href":"https:\/\/www.noomana.com.br\/conteudos\/wp-json\/wp\/v2\/comments?post=988937"}],"version-history":[{"count":19,"href":"https:\/\/www.noomana.com.br\/conteudos\/wp-json\/wp\/v2\/pages\/988937\/revisions"}],"predecessor-version":[{"id":988958,"href":"https:\/\/www.noomana.com.br\/conteudos\/wp-json\/wp\/v2\/pages\/988937\/revisions\/988958"}],"wp:attachment":[{"href":"https:\/\/www.noomana.com.br\/conteudos\/wp-json\/wp\/v2\/media?parent=988937"}],"curies":[{"name":"wp","href":"https:\/\/api.w.org\/{rel}","templated":true}]}}